u = -334 + 619. What are the prime factors of u?
3, 5, 19
Let v(o) = o**3 - 6*o**2 - 2*o - 3. Let c be v(6). Let u = c + 28. List the prime factors of u.
13
Let w be 0/(-2) - -2 - -21. Let c = -6 + w. List the prime factors of c.
17
Let t(u) = 5*u**2 + 5*u. Let g be t(-5). Let f = g - 59. Let d = f - 29. List the prime factors of d.
2, 3
Suppose 0 = -3*q + 2*k + 75, 6*q - 2*k = 4*q + 48. What are the prime factors of q?
3
Suppose -5*q + 6 = -4*q. Suppose -5*a = -q*a + 30. List the prime factors of a.
2, 3, 5
Suppose 3*q + 0*q + 5 = -k, -q = -k + 15. Suppose -h = -3*h + k. Suppose -v = -4*n + 63, 5*n - h*v = -2*v + 70. List the prime factors of n.
17
Suppose 4*b = -4*g + 144, b - 2*b - 156 = -5*g. List the prime factors of g.
2
List the prime factors of 1*-3 - (1 + -35).
31
Let b be 6/(-15) + (-534)/(-10). Suppose 20 = -3*l + b. List the prime factors of l.
11
Suppose -4*u + 0*u = -24. Let s = -11 + u. List the prime factors of (-18)/s - 2/(-5).
2
Suppose n - 10 = -0. Let s = 19 + n. List the prime factors of s.
29
Suppose -3*r - 16 = -z - 2, 3*z - 22 = 5*r. What are the prime factors of (z - -2) + -1 + 14?
2, 7
Suppose 0 = z + z - 4*y - 96, 4*z + 3*y - 225 = 0. What are the prime factors of z?
2, 3
Suppose 4*t - 3*t = 1. Suppose t = 2*i - 3. What are the prime factors of i?
2
Let h(g) = g**2 + 7 - 7. Let o be h(-1). Let r = o + 10. What are the prime factors of r?
11
Suppose -2*r = -0 - 2. Let k = 2 - r. What are the prime factors of 3 + -3 + (k - -2)?
3
Let k = -6 + 8. Suppose -5*u + 5*f = k*f - 19, 0 = -2*u - 2*f + 14. What are the prime factors of (0 - 0) + 50/u?
2, 5
Let x(u) be the first derivative of -u**4/4 + 3*u**3 + 7*u**2 + 3*u + 2. List the prime factors of x(10).
43
Let o(d) = 3*d**2 - 1. Let k be o(-1). Suppose 0 = -2*r - k*r + 40. What are the prime factors of r?
2, 5
Suppose 118 + 188 = 6*n. List the prime factors of n.
3, 17
Let h = 14 - 18. List the prime factors of (35/7)/((-2)/h).
2, 5
Let h(f) = -5*f + 1 - 3*f + 6*f. List the prime factors of h(-4).
3
Let n(h) = 8*h + 1. Suppose 2*j = -2*u + 4, -4*j - 3*u = -2*u - 11. What are the prime factors of n(j)?
5
Let w = 18 - 11. Suppose -w = -v - 3. List the prime factors of v.
2
Let o(x) = -23*x - 50. Let h(u) = 8*u + 17. Let y(i) = 8*h(i) + 3*o(i). What are the prime factors of y(-7)?
3, 7
Suppose 0 = -5*y + 440 + 305. List the prime factors of y.
149
Let k = -25 - -42. Let x = 11 - k. What are the prime factors of (1*x)/((-9)/12)?
2
Let t(n) = -n**3 - 7*n**2 - 2*n - 2. Let j = -3 + 5. Suppose 0 = -j*z + 3 - 17. What are the prime factors of t(z)?
2, 3
List the prime factors of (23/(-3))/((-6)/18).
23
Let z(t) = -3*t - 1. Let c be z(-1). Suppose 3*v - 75 = -c*x, 2*x = 4*v + 5*x - 99. List the prime factors of v.
3
Let i = -6 - -1. Let d = i + 11. What are the prime factors of d?
2, 3
Let d(l) = l**3 - 3*l - 1. Let a be d(-2). List the prime factors of (-12)/9*a*4.
2
Let v be 2*2*3/(-6). Let j = v - -4. Suppose 0 = -2*u + c + 13, 5*u + 0*c = -j*c + 19. List the prime factors of u.
5
What are the prime factors of 65*(2/(-3) + 112/60)?
2, 3, 13
Suppose 2*w + 34 = -2*a + 7*a, 4*w = a - 14. What are the prime factors of a?
2, 3
Suppose 0 = -y - 4*y + 20. Suppose y*r + 126 = 7*r. List the prime factors of r.
2, 3, 7
Let a = 17 + -24. List the prime factors of -2 + (-3 - a/1).
2
Suppose -2*m + 0*m = 0. Let g(h) = -4 + m - 3*h + 2*h. What are the prime factors of g(-10)?
2, 3
Suppose -7 = o - 0. Let w = o + 12. Suppose 2*z - 14 = -3*s + 2*s, -s - 49 = -w*z. What are the prime factors of z?
3
Let l = -7 + 11. Suppose 4*n - l*o = 0, 2*o - 7*o + 12 = -n. Let h = n - 1. List the prime factors of h.
2
List the prime factors of (-2)/3*(-720)/(7 + -1).
2, 5
What are the prime factors of 1*(2 - (3 + -25))?
2, 3
Let d = 8 - 13. Let m = 8 + d. What are the prime factors of m?
3
What are the prime factors of (2 + (-51)/(-6))*4?
2, 3, 7
Let h = 2 - -1. Suppose 0 = -0*d - 4*d + v + 107, 2*v - 94 = -h*d. What are the prime factors of d?
2, 7
Suppose 0*v = v - 4. Suppose -v*j + 7 + 13 = 0. Suppose -5*d - 4*g + 27 = 0, -4*g - g = j*d - 25. What are the prime factors of d?
7
Suppose 9 + 2 = -h. Let t = 9 - h. List the prime factors of 92/t + (-4)/(-10).
5
Let f(v) = v - 1. Suppose 18 = 3*q - 5*r, -10 = -4*q + r + 14. List the prime factors of f(q).
5
Let b = -119 + 150. What are the prime factors of b?
31
Suppose 2*p = 23 - 75. Let b = -35 + 21. Let h = b - p. What are the prime factors of h?
2, 3
Suppose g = -0*g + 7. Let h = g - 18. Let j = -5 - h. What are the prime factors of j?
2, 3
Let y(m) be the second derivative of -m**5/120 - m**4/8 + m**3/3 + 3*m. Let h(g) be the second derivative of y(g). List the prime factors of h(-10).
7
Suppose -t - 21 = -0*t. Let q = t - -35. What are the prime factors of q?
2, 7
Suppose 8 = 3*k + 2. Let q be (k/3)/((-2)/(-12)). Suppose 5*g - 46 = 2*h, 4*g - 3*h = 3*g + q. What are the prime factors of g?
2, 5
What are the prime factors of 2/3 - (-210)/9?
2, 3
List the prime factors of 5*1*(-6 + 7).
5
Let o be 12/(-21)*(-7)/2. Suppose -u + o = -2. What are the prime factors of u?
2
Suppose -4*x = -76 - 4. Suppose 2*v - v - x = 3*i, 0 = 4*v + i - 132. Suppose 4*j + 0*j - v = 0. List the prime factors of j.
2
Let z(s) be the third derivative of -s**6/120 - s**5/20 + s**4/12 - s**3/2 + s**2. Let u be (-3)/(-4) - 19/4. What are the prime factors of z(u)?
5
Let x(f) = -f**3 + 10*f**2 + 4*f - 9. List the prime factors of x(10).
31
What are the prime factors of (2 - 18/(-5)) + 26/65?
2, 3
Let t(v) = 2*v + 23. List the prime factors of t(16).
5, 11
Let u(h) = -11*h - 1. Suppose 4 = -4*l, 3*f - 19 = -2*f - l. Suppose -4*y = -0*y + f. What are the prime factors of u(y)?
2, 5
Let v = -24 - -34. Let l(y) = -6*y - 1. Let z be l(-1). Suppose x + 4*x = -3*s - 1, v = -z*x. List the prime factors of s.
3
Let i = 60 + 24. Suppose 5*b - 84 = 2*b + 3*w, 3*b - 4*w = i. Suppose 0 = -3*d - d - k + 35, -b = -2*d - 4*k. List the prime factors of d.
2
Suppose 2*c + 155 = 5*q, -5*c = -3*q - 6*c + 104. What are the prime factors of q?
3, 11
Suppose 2 = -0*t - 2*t. Let k = 4 - t. What are the prime factors of k?
5
What are the prime factors of 84 + (2 - (-2)/1)?
2, 11
Let n(y) = -y**2 + 4*y + 6. Let o be n(6). Let k be ((-10)/3)/(o/(-18)). What are the prime factors of 8/k*(-75)/6?
2, 5
Let b be (-284)/28 - (-1)/7. List the prime factors of 4/b*20/(-4).
2
Let n(z) = z**2 + 5*z + 1. Let q be n(-5). List the prime factors of 53/4 - q/4.
13
Suppose -2*h - 2*f - 4 = 0, 3*h - 2*f - 2*f = -13. Let a(o) = -o**3 - 3*o**2 + 3. Let v be a(h). Suppose 0*p = -v*p + 30. What are the prime factors of p?
2, 5
Let n be ((-27)/6)/(6/8). What are the prime factors of (-39)/n*(-3 + 5)?
13
Let r(s) = -s**3 - 2*s**2 + 3*s + 6. Let o be (-5 + 4 + -1)*2. List the prime factors of r(o).
2, 13
Suppose 3*p + p = 12. Suppose p*t - 21 = -6. What are the prime factors of t?
5
Let w(b) = 6*b**3 - b**2 + 1. Let x be w(1). Let v = 18 + x. List the prime factors of v.
2, 3
Let c = 10 + 31. What are the prime factors of c?
41
Let g = 6 - 12. Let q = g + 11. List the prime factors of q.
5
Let p = 12 + 12. Suppose -4*g + p = -104. What are the prime factors of g?
2
Let m be ((7*2)/(-1))/(-2). Let a = m - 3. List the prime factors of a.
2
Suppose -3*h = -0*h. Suppose 3*i = 4*i + 2, 0 = q + i - 3. Suppose -q*z - 2*y = -h*y - 63, 5*z + 4*y = 71. What are the prime factors of z?
11
Let v(b) = 26*b + 6. What are the prime factors of v(12)?
2, 3, 53
Let k = 591 + -234. What are the prime factors of k?
3, 7, 17
Let m(r) = -r**2 - 11*r - 12. List the prime factors of m(-7).
2
Let s(j) = 2*j**2 - 1. Suppose 15 = p - 6*p. List the prime factors of s(p).
17
Suppose 0 = 3*j + 4*z - 316, -3*z - 284 = -3*j + z. List the prime factors of j.
2, 5
Suppose 0 = -r - 14 + 5. What are the prime factors of (-2 + 4)/(r/(-234))?
2, 13
Let u(y) = 5*y - 1. Let a = -6 - -9. Let s = a + -1. What are the prime factors of u(s)?
3
Let m be 10 + 4/(12/(-9)). Let k = m + -3. What are the prime factors of k?
2
Suppose -l + 3*l + 12 = -5*c, -3*l = 4*c + 4. Suppose -12 = -4*k + l. Suppose k*j - 5*s - 11 = 0, 11 = 2*s + 1. List the prime factors of j.
3
Let s = -88 - -178. What are the prime factors of s?
2, 3, 5
Let v(f) = 7*f**3 + f**2 - 3*f - 1. Let g be v(3). L